{"id":415,"date":"2018-07-16T13:14:17","date_gmt":"2018-07-16T11:14:17","guid":{"rendered":"https:\/\/mkaf.no\/?page_id=415"},"modified":"2020-01-06T11:03:27","modified_gmt":"2020-01-06T10:03:27","slug":"hoved","status":"publish","type":"page","link":"https:\/\/mkaf.no\/","title":{"rendered":"Hoved"},"content":{"rendered":"<div id=\"metaslider-id-48\" style=\"max-width: 760px;\" class=\"ml-slider-3-94-0 ml-slider-pro-2-7-1 metaslider metaslider-flex metaslider-48 ml-slider ms-theme-_theme_1497218611 nav-hidden\" role=\"region\" aria-roledescription=\"Slideshow\" aria-label=\"Standard\">\n    <div id=\"metaslider_container_48\">\n        <div id=\"metaslider_48\">\n            <ul class='slides'>\n                <li style=\"display: block; width: 100%;\" class=\"slide-684 ms-image \" aria-roledescription=\"slide\" aria-label=\"slide-684\"><img loading=\"lazy\" decoding=\"async\" src=\"https:\/\/mkaf.no\/wp-content\/uploads\/2020\/01\/A0430_P1090846-scaled-760x428.jpg\" height=\"428\" width=\"760\" alt=\"\" class=\"slider-48 slide-684\" \/><\/li>\n                <li style=\"display: none; width: 100%;\" class=\"slide-705 ms-image \" aria-roledescription=\"slide\" aria-label=\"slide-705\"><img loading=\"lazy\" decoding=\"async\" src=\"https:\/\/mkaf.no\/wp-content\/uploads\/2020\/01\/A0415_P1010846-scaled-760x428.jpg\" height=\"428\" width=\"760\" alt=\"\" class=\"slider-48 slide-705\" \/><\/li>\n                <li style=\"display: none; width: 100%;\" class=\"slide-683 ms-image \" aria-roledescription=\"slide\" aria-label=\"slide-683\"><img loading=\"lazy\" decoding=\"async\" src=\"https:\/\/mkaf.no\/wp-content\/uploads\/2020\/01\/A0440_P1090837-scaled-760x428.jpg\" height=\"428\" width=\"760\" alt=\"\" class=\"slider-48 slide-683\" \/><\/li>\n            <\/ul>\n        <\/div>\n        \n    <\/div>\n<\/div>\n<p>Mosj\u00f8en Kjemiske Arbeider\u00adforening (MKAF) organiserer flertallet av de ansatte ved Alcoa Mosj\u00f8en, Mosj\u00f8en Industriterminal (MIT) og Mosj\u00f8en Vask &amp; Renseri.<\/p>\n<p>Foreningen har som m\u00e5l \u00e5 ha aktiv innflytelse over l\u00f8nns- og arbeidsvilk\u00e5r ved bedriften. Foreningen har et godt utbygd organisasjons\u00adapparat med mange dyktige tillitsvalgte.<\/p>\n<p>Foreningen ble stiftet i 1956, og har\u00a0rundt 700 medlemmer.<\/p>\n","protected":false},"excerpt":{"rendered":"<p>Mosj\u00f8en Kjemiske Arbeider\u00adforening (MKAF) organiserer flertallet av de ansatte ved Alcoa Mosj\u00f8en, Mosj\u00f8en Industriterminal (MIT) og Mosj\u00f8en Vask &amp; Renseri. Foreningen har som m\u00e5l \u00e5 ha aktiv innflytelse over l\u00f8nns- og arbeidsvilk\u00e5r ved bedriften. Foreningen har et godt utbygd organisasjons\u00adapparat med mange dyktige tillitsvalgte. Foreningen ble stiftet i 1956, og har\u00a0rundt 700 medlemmer.<\/p>\n","protected":false},"author":1,"featured_media":0,"parent":0,"menu_order":1,"comment_status":"closed","ping_status":"closed","template":"","meta":{"generate_page_header":"","footnotes":""},"class_list":["post-415","page","type-page","status-publish"],"_links":{"self":[{"href":"https:\/\/mkaf.no\/index.php?rest_route=\/wp\/v2\/pages\/415","targetHints":{"allow":["GET"]}}],"collection":[{"href":"https:\/\/mkaf.no\/index.php?rest_route=\/wp\/v2\/pages"}],"about":[{"href":"https:\/\/mkaf.no\/index.php?rest_route=\/wp\/v2\/types\/page"}],"author":[{"embeddable":true,"href":"https:\/\/mkaf.no\/index.php?rest_route=\/wp\/v2\/users\/1"}],"replies":[{"embeddable":true,"href":"https:\/\/mkaf.no\/index.php?rest_route=%2Fwp%2Fv2%2Fcomments&post=415"}],"version-history":[{"count":1,"href":"https:\/\/mkaf.no\/index.php?rest_route=\/wp\/v2\/pages\/415\/revisions"}],"predecessor-version":[{"id":619,"href":"https:\/\/mkaf.no\/index.php?rest_route=\/wp\/v2\/pages\/415\/revisions\/619"}],"wp:attachment":[{"href":"https:\/\/mkaf.no\/index.php?rest_route=%2Fwp%2Fv2%2Fmedia&parent=415"}],"curies":[{"name":"wp","href":"https:\/\/api.w.org\/{rel}","templated":true}]}}