{"id":645,"date":"2020-01-06T00:48:37","date_gmt":"2020-01-05T23:48:37","guid":{"rendered":"https:\/\/mkaf.no\/?page_id=645"},"modified":"2020-01-06T11:03:46","modified_gmt":"2020-01-06T10:03:46","slug":"medlemskap","status":"publish","type":"page","link":"https:\/\/mkaf.no\/?page_id=645","title":{"rendered":"Medlemskap"},"content":{"rendered":"<p>MKAF organiserer de fleste ansatte ved\u00a0AM, MIT og Mosj\u00f8en Vask og Renseri. Dette gj\u00f8r MKAF til en viktig faktor p\u00e5 bedriftene. Foreningen har som m\u00e5l \u00e5 ha aktiv innflytelse over l\u00f8nns- og arbeidsvilk\u00e5r ved bedriftene. Et godt organisasjonsapparat med mange dyktige tillitsvalgte st\u00e5r til r\u00e5dighet. Gjennom ditt medlemskap har du ogs\u00e5 muligheter til \u00e5 s\u00f8ke p\u00e5 kurs og konferanser i regi av fagbevegelsen.<\/p>\n<p>Les mer om v\u00e5re tilbud via menyen.<\/p>\n","protected":false},"excerpt":{"rendered":"<p>MKAF organiserer de fleste ansatte ved\u00a0AM, MIT og Mosj\u00f8en Vask og Renseri. Dette gj\u00f8r MKAF til en viktig faktor p\u00e5 bedriftene. Foreningen har som m\u00e5l \u00e5 ha aktiv innflytelse over l\u00f8nns- og arbeidsvilk\u00e5r ved bedriftene. Et godt organisasjonsapparat med mange dyktige tillitsvalgte st\u00e5r til r\u00e5dighet. Gjennom ditt medlemskap har du ogs\u00e5 muligheter til \u00e5 s\u00f8ke &#8230; <a title=\"Medlemskap\" class=\"read-more\" href=\"https:\/\/mkaf.no\/?page_id=645\" aria-label=\"Read more about Medlemskap\">Les mer<\/a><\/p>\n","protected":false},"author":1,"featured_media":0,"parent":0,"menu_order":2,"comment_status":"closed","ping_status":"closed","template":"","meta":{"generate_page_header":"","footnotes":""},"class_list":["post-645","page","type-page","status-publish"],"_links":{"self":[{"href":"https:\/\/mkaf.no\/index.php?rest_route=\/wp\/v2\/pages\/645","targetHints":{"allow":["GET"]}}],"collection":[{"href":"https:\/\/mkaf.no\/index.php?rest_route=\/wp\/v2\/pages"}],"about":[{"href":"https:\/\/mkaf.no\/index.php?rest_route=\/wp\/v2\/types\/page"}],"author":[{"embeddable":true,"href":"https:\/\/mkaf.no\/index.php?rest_route=\/wp\/v2\/users\/1"}],"replies":[{"embeddable":true,"href":"https:\/\/mkaf.no\/index.php?rest_route=%2Fwp%2Fv2%2Fcomments&post=645"}],"version-history":[{"count":6,"href":"https:\/\/mkaf.no\/index.php?rest_route=\/wp\/v2\/pages\/645\/revisions"}],"predecessor-version":[{"id":653,"href":"https:\/\/mkaf.no\/index.php?rest_route=\/wp\/v2\/pages\/645\/revisions\/653"}],"wp:attachment":[{"href":"https:\/\/mkaf.no\/index.php?rest_route=%2Fwp%2Fv2%2Fmedia&parent=645"}],"curies":[{"name":"wp","href":"https:\/\/api.w.org\/{rel}","templated":true}]}}