{"id":657,"date":"2020-01-06T00:54:50","date_gmt":"2020-01-05T23:54:50","guid":{"rendered":"https:\/\/mkaf.no\/?page_id=657"},"modified":"2020-01-06T11:04:03","modified_gmt":"2020-01-06T10:04:03","slug":"advokathjelp","status":"publish","type":"page","link":"https:\/\/mkaf.no\/?page_id=657","title":{"rendered":"Advokathjelp"},"content":{"rendered":"<p>Gjennom ditt medlemskap i et LO-forbund, har du tilgang p\u00e5 advokathjelp. Hvis du har behov for juridiske r\u00e5d eller bistand, tar du kontakt med MKAF som igjen formidler deg videre til en advokat. MKAF dekker da kostnaden for en slik f\u00f8rste-konsultasjon.<\/p>\n<h3>SAKSTYPER<\/h3>\n<ul>\n<li>Trygd og pensjon<\/li>\n<li>Ekteskap, seperasjon, skilsmisse, felleseieskifte, barnefordeling, arv, o.l.<\/li>\n<li>Erstatningssaker<\/li>\n<li>Oppsigelse \/ utkastelse fra bolig<\/li>\n<li>Arbeidsforhold; oppsigelse, arbeidsmilj\u00f8, o.l.<\/li>\n<\/ul>\n<p>Uten hensyn til inntekt og formue kan du og f\u00e5 fri rettshjelp i saker som dreier seg om barnevern, kvinnemishandling eller erstatningss\u00f8ksm\u00e5l der du st\u00e5r som voldsoffer.<\/p>\n<h3>FRI RETTSHJELP DEKKET AV FORSIKRINGER<\/h3>\n<p>En del forsikringsordninger inkluderer fri rettshjelp. Det for eksempel v\u00e6re innen innboforsikring (v\/ kj\u00f8p av hus eller eiendom), bilskadeforsikring, personforsikringer.<br \/>\nDette kan v\u00e5r advokat bist\u00e5 med \u00e5 f\u00e5 avklart.<\/p>\n<h3>ADVOKATFORSIKRING<\/h3>\n<p>De som ikke har reservert seg, har advokatforsikring gjennom HELP forsikring. Denne avtalen er inng\u00e5tt av forbundet og kan leses mer om\u00a0<a href=\"http:\/\/fordel.industrienergi.no\/modules\/m02\/article.aspx?CatId=42&amp;ArtId=66#ScrollAnchor\" target=\"_blank\" rel=\"noopener noreferrer\">her.<\/a><\/p>\n","protected":false},"excerpt":{"rendered":"<p>Gjennom ditt medlemskap i et LO-forbund, har du tilgang p\u00e5 advokathjelp. Hvis du har behov for juridiske r\u00e5d eller bistand, tar du kontakt med MKAF som igjen formidler deg videre til en advokat. MKAF dekker da kostnaden for en slik f\u00f8rste-konsultasjon. SAKSTYPER Trygd og pensjon Ekteskap, seperasjon, skilsmisse, felleseieskifte, barnefordeling, arv, o.l. Erstatningssaker Oppsigelse \/ &#8230; <a title=\"Advokathjelp\" class=\"read-more\" href=\"https:\/\/mkaf.no\/?page_id=657\" aria-label=\"Read more about Advokathjelp\">Les mer<\/a><\/p>\n","protected":false},"author":1,"featured_media":0,"parent":0,"menu_order":5,"comment_status":"closed","ping_status":"closed","template":"","meta":{"generate_page_header":"","footnotes":""},"class_list":["post-657","page","type-page","status-publish"],"_links":{"self":[{"href":"https:\/\/mkaf.no\/index.php?rest_route=\/wp\/v2\/pages\/657","targetHints":{"allow":["GET"]}}],"collection":[{"href":"https:\/\/mkaf.no\/index.php?rest_route=\/wp\/v2\/pages"}],"about":[{"href":"https:\/\/mkaf.no\/index.php?rest_route=\/wp\/v2\/types\/page"}],"author":[{"embeddable":true,"href":"https:\/\/mkaf.no\/index.php?rest_route=\/wp\/v2\/users\/1"}],"replies":[{"embeddable":true,"href":"https:\/\/mkaf.no\/index.php?rest_route=%2Fwp%2Fv2%2Fcomments&post=657"}],"version-history":[{"count":3,"href":"https:\/\/mkaf.no\/index.php?rest_route=\/wp\/v2\/pages\/657\/revisions"}],"predecessor-version":[{"id":677,"href":"https:\/\/mkaf.no\/index.php?rest_route=\/wp\/v2\/pages\/657\/revisions\/677"}],"wp:attachment":[{"href":"https:\/\/mkaf.no\/index.php?rest_route=%2Fwp%2Fv2%2Fmedia&parent=657"}],"curies":[{"name":"wp","href":"https:\/\/api.w.org\/{rel}","templated":true}]}}